5?
False
Is 235105399 a multiple of 4632?
False
Does 16 divide 178636259?
False
Is 14 a factor of 32592504?
True
Is 106 a factor of 16935408?
True
Is 241248995 a multiple of 6?
False
Is 71660925 a multiple of 63?
True
Is 1515 a factor of 44213763?
False
Is 20 a factor of 2467431300?
True
Does 5705 divide 398443972?
False
Is 1239 a factor of 40989836?
False
Is 24163392 a multiple of 88?
True
Is 623 a factor of 29653675?
False
Is 832446992 a multiple of 13?
True
Is 4191 a factor of 118316121?
True
Does 252 divide 5755428?
True
Does 9 divide 272274336?
True
Is 1653541985 a multiple of 2605?
True
Does 1640 divide 749907934?
False
Does 117 divide 9454302?
True
Is 294583302 a multiple of 18?
True
Does 88 divide 1219882840?
True
Is 28 a factor of 1880368?
True
Is 54515475 a multiple of 66?
False
Is 484473502 a multiple of 57?
False
Does 1723 divide 39964985?
True
Is 529304 a multiple of 183?
False
Is 2110005057 a multiple of 6297?
True
Is 601 a factor of 44232999?
True
Does 60 divide 222845400?
True
Is 20 a factor of 265926220?
True
Is 84639075 a multiple of 511?
False
Is 823383 a multiple of 99?
True
Is 255 a factor of 7763828025?
False
Is 116389073 a multiple of 3?
False
Is 3125045 a multiple of 12?
False
Does 857 divide 357824924?
True
Is 4493 a factor of 374208491?
True
Does 68 divide 1050603412?
False
Is 942530191 a multiple of 197?
False
Does 1778 divide 226278948?
True
Is 249300783 a multiple of 926?
False
Is 2009 a factor of 12383672?
False
Is 1259936755 a multiple of 5?
True
Is 236758320 a multiple of 368?
True
Is 71 a factor of 103821596?
True
Is 873160665 a multiple of 87?
False
Does 15 divide 156048938?
False
Does 17 divide 3208019?
True
Does 25 divide 62159025?
True
Does 2747 divide 869085?
False
Is 13459600 a multiple of 70?
True
Does 513 divide 164552445?
True
Does 344 divide 1969496?
False
Is 70846359 a multiple of 1347?
False
Does 13 divide 40063725?
True
Is 402703824 a multiple of 12?
True
Is 15 a factor of 5187819889?
False
Is 108385035 a multiple of 3?
True
Is 1409471257 a multiple of 4441?
True
Does 161 divide 2610018304?
False
Is 1461 a factor of 235321809?
True
Is 201045222 a multiple of 42?
True
Does 460 divide 217022020?
True
Is 5 a factor of 132976165?
True
Is 13 a factor of 4379049250?
False
Is 882 a factor of 600549390?
True
Is 101 a factor of 60430524?
False
Is 3222425 a multiple of 871?
False
Does 3531 divide 182012457?
True
Is 13 a factor of 225248374?
True
Is 77 a factor of 19932143?
True
Does 165 divide 7676295?
True
Does 2785 divide 77144500?
True
Does 3370 divide 1572889092?
False
Is 28644823 a multiple of 127?
False
Is 389380558 a multiple of 1322?
True
Does 167 divide 76277289?
False
Does 3 divide 212099748?
True
Is 4 a factor of 234901?
False
Is 677712049 a multiple of 899?
True
Does 26 divide 1549838758?
True
Is 937 a factor of 199921131?
True
Is 246 a factor of 4460014686?
True
Is 2877 a factor of 238278894?
True
Does 177 divide 4072450338?
True
Is 3199737 a multiple of 3?
True
Is 717 a factor of 14463324?
True
Does 2414 divide 587350340?
True
Does 11 divide 2699559676?
True
Is 233 a factor of 51668100?
False
Is 278408660 a multiple of 430?
True
Is 39626566 a multiple of 2325?
False
Is 6971016037 a multiple of 46?
False
Does 16 divide 1832028426?
False
Does 370 divide 2858066805?
False
Is 3 a factor of 278693988?
True
Is 15 a factor of 85703715?
True
Is 11 a factor of 4529395?
False
Does 137 divide 9049019?
False
Does 13 divide 28759618?
False
Is 4916544 even?
True
Does 3404 divide 1591574240?
True
Is 84 a factor of 3402133749?
False
Is 20 a factor of 34965220?
True
Does 110 divide 581148370?
True
Is 44 a factor of 6431617?
False
Is 479339524 a multiple of 10?
False
Does 5607 divide 100927096?
False
Is 293 a factor of 82363472?
True
Is 24 a factor of 115383264?
True
Is 33 a factor of 9041223?
False
Is 2 a factor of 100996161?
False
Is 28 a factor of 99228458?
False
Is 104852263 a multiple of 59?
True
Is 40 a factor of 565727905?
False
Is 30 a factor of 174818949?
False
Is 32 a factor of 142735424?
True
Does 7 divide 172262330?
False
Is 2093533 a multiple of 221?
True
Is 24417296 a multiple of 217?
False
Is 18662322 a multiple of 8?
False
Is 653 a factor of 274591071?
True
Is 10 a factor of 850126664?
False
Is 650040191 a multiple of 150?
False
Is 31 a factor of 16934353?
False
Does 20 divide 28420606?
False
Does 166 divide 4963732?
True
Is 115 a factor of 5397942?
False
Is 140690295 a multiple of 44?
False
Does 1301 divide 20316416?
True
Is 10 a factor of 114378690?
True
Does 68 divide 21487116?
True
Is 1712 a factor of 84649840?
True
Is 100 a factor of 5829704?
False
Is 14645965 a multiple of 58?
False
Is 800278755 a multiple of 1845?
False
Is 229 a factor of 154850487?
True
Is 9 a factor of 342137171?
False
Is 1444543888 a multiple of 46?
True
Is 4551 a factor of 947267895?
True
Is 1395262896 a multiple of 14?
False
Is 1039 a factor of 7772759?
True
Is 264 a factor of 116300977?
False
Is 3787 a factor of 158682874?
True
Does 872 divide 100759600?
True
Is 9 a factor of 111684175?
False
Is 206755936 a multiple of 299?
False
Is 141180533 a multiple of 103?
False
Is 149838327 a multiple of 14?
False
Is 38016722 a multiple of 3?
False
Is 983 a factor of 53488962?
True
Is 7356209 a multiple of 20?
False
Is 990815700 a multiple of 70?
True
Is 53078561 a multiple of 14?
False
Is 191 a factor of 215062642?
False
Does 357 divide 3592208876?
False
Is 3459638132 a multiple of 668?
True
Is 241 a factor of 140305621?
True
Is 380593833 a multiple of 18?
False
Is 299866344 a multiple of 12?
True
Is 32 a factor of 754641060?
False
Is 117 a factor of 1772412430?
False
Is 79 a factor of 6388662?
False
Is 78382028 a multiple of 377?
False
Does 72 divide 40224528?
True
Is 11368964 a multiple of 1052?
True
Does 24 divide 454895258?
False
Is 119374200 a multiple of 24?
True
Does 1183 divide 634121124?
True
Does 55 divide 413029783?
False
Is 16882000 a multiple of 5?
True
Is 21309765 a multiple of 1128?
False
Is 23 a factor of 150954014?
True
Is 12004534 a multiple of 811?
False
Does 20 divide 2685820?
True
Is 3442221493 a multiple of 20?
False
Is 195179247 a multiple of 1969?
False
Is 14 a factor of 66295712?
True
Is 4678108 a multiple of 23?
True
Is 720 a factor of 103204080?
True
Is 2042290360 a multiple of 88?
True
Is 3648 a factor of 1689954240?
True
Does 240 divide 2956993?
False
Is 1417789298 a multiple of 1315?
False
Is 145974848 a multiple of 32?
True
Is 1059 a factor of 213265656?
True
Does 32 divide 34796192?
True
Is 1698 a factor of 3032838552?
True
Is 345 a factor of 61711185?
True
Does 26 divide 147719294?
False
Is 4922 a factor of 560733928?
True
Does 46 divide 12275606?
True
Is 312235745 a multiple of 4612?
False
Is 11 a factor of 33980969?
True
Is 154 a factor of 24318354?
False
Is 111600029 a multiple of 258?
False
Is 1088 a factor of 6618304?
True
Does 5737 divide 1249610392?
True
Does 4 divide 56070224?
True
Does 6 divide 1765739?
False
Does 9 divide 16503371?
False
Is 634 a factor of 14762056?
True
Does 81 divide 809103051?
False
Is 315235380 a multiple of 60?
True
Does 148 divide 22262752?
True
Is 238 a factor of 1427107?
False
Does 437 divide 919259216?
True
Is 174 a factor of 37440798?
True
Is 3473 a factor of 7579246?
False
Is 35 a factor of 1686090?
True
Is 1360627200 a multiple of 1600?
True
Does 85 divide 254702582?
False
Does 3207 divide 203176393?
False
Is 1111303214 a multiple of 74?
True
Is 78017414 a multiple of 122?
True
Does 40 divide 110775520?
True
Does 1087 divide 509189932?
True
Does 423 divide 22647992?
False
Is 46673354 a multiple of 3346?
True
Does 55 divide 116533565?
False
Is 25 a factor of 255328341?
False
Is 8 a factor of 3105975037?
False
Is 30292954 a multiple of 13?
False
Does 23 divide 26816038?
False
Does 50 divide 28223550?
True
Is 129 a factor of 291948543?
True
Is 663419865 a multiple of 33?
False
Does 1018 divide 136657338?
True
Is 6 a factor of 99980168?
False
Does 26 divide 56384042?
True
Does 114 divide 20573367?
False
Does 20 divide 58580980?
True
Is 346 a factor of 826822877?
False
Is 518068788 a multiple of 1644?
True
Is 683092439 a multiple of 563?
False
Does 1189 divide 1402187700?
True
Does 5 divide 394676495?
True
Does 130 divide 68098160?
True
Is 30 a factor of 4